hen 44 is divided by (3 + -49)/(4/r)?
21
Let s(u) = u**3 + 11*u**2 - 18*u - 40. Calculate the remainder when s(-12) is divided by 18.
14
Let u(y) = -31*y + 8. Let z(t) = -10*t + 3. Let o(w) = 4*u(w) - 11*z(w). Calculate the remainder when 24 is divided by o(-1).
11
Let f(g) = g**2 - 10*g + 6. Calculate the remainder when f(12) is divided by 8.
6
Suppose 3*o + 0*m - 3*m = -69, o = -3*m - 35. Suppose 78 = 3*w - 3. What is the remainder when w is divided by 2 + (-2)/4*o?
12
Suppose 4*a - 3*v - 294 = 2*v, -3*a + 3*v + 219 = 0. Calculate the remainder when a is divided by 18.
17
Suppose -5*s + 17 = 2*o, 13 = s - 0*s - 2*o. Suppose g + 1 = 4*w - 11, -s*g - 3 = -w. Suppose g*i - 5*i = -155. Calculate the remainder when i is divided by 11.
9
Let s = -23 + -3. Let w = s + 52. What is the remainder when w is divided by 9?
8
Suppose -20 = -5*b - 0*b. Suppose 0 = b*z - 47 + 11. What is the remainder when 33 is divided by z?
6
Suppose 0 = -5*j - 0*j + 35. Let a = 18 - j. Calculate the remainder when 42 is divided by a.
9
Let j = 121 + -293. Let o = -119 - j. What is the remainder when o is divided by 11?
9
Let b(w) = 3*w + 4. What is the remainder when b(5) is divided by ((-4)/(-12) - -3)/((-3)/(-9))?
9
Let t(z) = -12*z + 21. What is the remainder when t(-10) is divided by 29?
25
Let b = 8 - 3. Suppose -2*i = -0*i - 10. Let d(j) = j**2 - 3*j - 2. What is the remainder when d(i) is divided by b?
3
Let m = 8 + 19. What is the remainder when m is divided by 7?
6
What is the remainder when 44 is divided by ((-92)/(-6))/((-8)/(-12))?
21
Let s = 0 + 18. Suppose 3*q - 165 = -2*o, -q - 3*o = -2*q + 44. Calculate the remainder when q is divided by s.
17
Let x be (-262)/(-6) - 9/(-27). Let c be (-4)/22 - 68/(-11). Suppose 0 = -5*m + c + x. What is the remainder when 39 is divided by m?
9
Let x(q) = -2 + 3*q**2 + 0 - 2*q + 3*q. Calculate the remainder when x(-3) is divided by 3/(-12) + 0 + 98/8.
10
Let l(p) = p**2 + 2*p + 3. Let g(d) = -6*d**2 + 2*d - 1. Let a be g(1). Suppose -m = -0*m - 10. What is the remainder when l(a) is divided by m?
8
Suppose -3*w + 33 = -3*a, -5*a - 35 = -w - 8. Let z = w + 26. What is the remainder when z is divided by 9?
6
Let n = 1 - -9. Let w = 4 - 1. Suppose -5*x + w*q + 90 = -49, 2*x - 60 = -q. What is the remainder when x is divided by n?
9
Let p = 162 - 98. Suppose -5*m = -m - p. Suppose 36 = 4*s + 4*n, -4*s + n + m = -0*n. What is the remainder when s is divided by 3?
2
Suppose 0 = -5*j - 10 + 75. What is the remainder when 20 is divided by j?
7
Let s(r) = -r**2 - 8*r - 7. Let a be s(-6). Suppose -17 = 4*z - 1, 98 = a*v - 2*z. Suppose 105 = -u + 4*u. Calculate the remainder when u is divided by v.
17
Let r = 4 - 15. Calculate the remainder when -5*(-3 + (-4 - -3)) is divided by (r/(-3))/((-2)/(-6)).
9
Suppose -22 = 4*k - 6. Let w = -10 - -19. Let p = k + w. Calculate the remainder when 19 is divided by p.
4
Let a(q) = 4*q**2 + 4*q + 3. Calculate the remainder when 43 is divided by a(-2).
10
Let m(i) = i**3 + 3*i**2 - 3*i - 2. Suppose 0 = 52*z - 54*z + 44. What is the remainder when m(3) is divided by z?
21
Suppose 0 = -4*s + 21 - 5. Suppose -z = 5*n + 12 - 112, 3*z = -s*n + 289. Suppose 2*t - z = -3*t. What is the remainder when t is divided by 7?
5
Suppose -v + 36 = 3*v. What is the remainder when 32 is divided by v?
5
Suppose 8*s - p = 4*s + 191, -5*p + 32 = s. What is the remainder when 138 is divided by s?
44
Suppose 0 = -4*k + 5*k - 16. Suppose 4*m + 12 - 132 = 0. Calculate the remainder when m is divided by k.
14
Let f be 24/9 - 4/6. Suppose -f*i = i - 66. Suppose 0 = -3*w + 45 - 9. What is the remainder when i is divided by w?
10
Let k(z) = 3*z - 4. Let a be k(8). Let l be 56/a + 2/10. Let r(q) = -q**3 + 7*q**2 - 2. What is the remainder when r(l) is divided by 12?
10
Let w be -2 - 0 - 16/(-2). Let q = w - 1. Let h = -7 - -16. Calculate the remainder when h is divided by q.
4
Let d(l) = 2*l**2 + l + 2. Suppose 0*w + 4*w + 4 = 0. Let z be w*2*1 + 0. Calculate the remainder when d(z) is divided by 5.
3
Let d(z) = z**3 - 9*z**2 + 4. Suppose 3*b + 68 = 4*k, 11*k - 78 = 6*k + 2*b. What is the remainder when k is divided by d(9)?
2
Let f(g) = -g**3 - 3*g**2 + g + 3. Calculate the remainder when 57 is divided by f(-4).
12
Suppose -m + 755 = 4*m. What is the remainder when m is divided by 38?
37
Calculate the remainder when 25 is divided by 365/25 + (-12)/20.
11
Let d(z) = z**3 - 12*z**2 - 11*z - 7. Calculate the remainder when d(13) is divided by 5.
4
Suppose 4*x + 231 = -6*d + d, 4*x = 2*d + 70. Let r = -113 - d. Let w = 106 + r. What is the remainder when w is divided by 19?
17
Let a = 60 + -27. What is the remainder when a is divided by 6?
3
Let f = -12 - -29. What is the remainder when 63 is divided by f?
12
Let k = 21 + -11. Calculate the remainder when 25 is divided by k.
5
Suppose 3*w + 0*w = 15. Suppose 3*l + 74 = w*c, -62 = 3*c - 7*c + l. Calculate the remainder when 46 is divided by c.
14
Suppose 5*q = -2*s - 3*s + 25, 0 = 3*q + 5*s - 19. Suppose 2*o + 14 = q*r, -12 = -3*r + 5*o - 2*o. What is the remainder when 11 is divided by r?
5
Suppose 3*o + o = 460. Suppose 35 - o = -4*m. Calculate the remainder when 59 is divided by m.
19
Let f = 1 + -7. Let s(r) = r**3 + 5*r**2 - 8*r - 1. Calculate the remainder when 32 is divided by s(f).
10
Suppose -4 = q - 10. Let r = 4 - 2. Calculate the remainder when (-3)/q*(-8)/2 is divided by r.
0
Suppose 0 = -3*l + 16 + 32. Suppose 0 = -6*a + 344 - 74. Calculate the remainder when a is divided by l.
13
Let i = -22 - -74. What is the remainder when i is divided by 14?
10
Let w be (-2)/(-5) - 952/(-20). Suppose w = 2*o + 8. What is the remainder when o is divided by 11?
9
Let u(j) = 13*j**2 + 6*j + 7. What is the remainder when u(-2) is divided by 16?
15
Suppose -12*i - 780 = -16*i. Calculate the remainder when i is divided by 49.
48
Suppose -2*b - 2*n = -44, 2*n + 3*n - 22 = -b. Suppose 0 = -5*d - 2 + b. Suppose -5*y = -d*y - 8. Calculate the remainder when 21 is divided by y.
5
Suppose -5*v = -14 - 1. Suppose 2*y = 2*m + 14, -26 = -4*y + 5*m + 5. Suppose y*a - 66 = -2*i, i - v = 5*a - a. Calculate the remainder when i is divided by 8.
7
Let v be (-6)/18 - (-32)/6. Let k(o) = o**3 - 5*o**2 + 3. Let h be k(v). Suppose d = -2, -h*d = 5*c - 52 + 18. Calculate the remainder when c is divided by 3.
2
Suppose -o - 6 = -2*u, u = 5*o - 4 - 2. Suppose 0 = 5*w - 5, o*d - 3*w + 108 = 5*d. What is the remainder when d is divided by 12?
11
Suppose 4*l + 0*l - 5 = -k, 5*l - 8 = -3*k. What is the remainder when (-1)/(2*k/(-14)) is divided by 4?
3
Let p = 47 + -27. Let u = -17 + p. What is the remainder when 6 is divided by u?
0
Let f be 1508/20 - (-4)/(-10). Suppose 0*m + 5*m - f = 0. Suppose -4*q = m - 51. Calculate the remainder when q is divided by 5.
4
Suppose -82 = -2*t + l + 4*l, 0 = -5*t + 4*l + 171. Calculate the remainder when t is divided by 11.
9
Let h be 8*(26/(-8) - -2). What is the remainder when 18 is divided by (5 + -4)/((-2)/h)?
3
Let u(s) = -17*s - 3. Let p be u(-6). Suppose -4*v + 5*c - 41 = -p, 4*v + c = 46. What is the remainder when v is divided by 7?
5
Suppose -2*f + 20 = -2*i, f = -2*i - 1 + 2. Calculate the remainder when 19 is divided by f.
5
Let u(d) = 2*d + 53. Calculate the remainder when 28 is divided by u(-19).
13
Let i(l) = l**2 - 3*l - 5. What is the remainder when i(6) is divided by 4?
1
Let y be -3 + 1 + 3 - -3. Suppose 0 = -l + 40 - y. Calculate the remainder when l is divided by 19.
17
Let g(m) be the second derivative of m**3/6 + 2*m**2 - m. What is the remainder when (-2)/7 + (-344)/(-28) is divided by g(3)?
5
Suppose -2*o = -82 - 38. Let c = -290 - -311. Calculate the remainder when o is divided by c.
18
Let u(g) = g**3 - 8*g**2 - 1. Let w be u(8). What is the remainder when 63 is divided by 13 + (4/w - -7)?
15
Suppose -3*w = -100 + 79. What is the remainder when 47 is divided by w?
5
Suppose 5 = 2*c - 5. Suppose 10 = 8*v - 6*v, 29 = o + 2*v. Calculate the remainder when o is divided by c.
4
Let p = 155 + -147. What is the remainder when 10 is divided by p?
2
Suppose 2*x = -0*x. Suppose i = -x + 46. Calculate the remainder when i is divided by 12.
10
Let l(o) = -o**3 + 3*o**2 - 1. Let f be l(2). Suppose 2*b = f*b. Let d(v) = -v**2 + v + 29. Calculate the remai